{"id":41723,"date":"2020-12-31T10:28:20","date_gmt":"2020-12-31T10:28:20","guid":{"rendered":"https:\/\/getsmile.pt\/?post_type=cmsms_doctor&#038;p=41723"},"modified":"2025-12-27T14:07:29","modified_gmt":"2025-12-27T14:07:29","slug":"dr-rodolfo-romao","status":"publish","type":"cmsms_doctor","link":"https:\/\/getsmile.pt\/fr\/cmsms_doctor\/dr-rodolfo-romao\/","title":{"rendered":"Dr Rodolfo Rom\u00e3o"},"content":{"rendered":"<div data-elementor-type=\"wp-post\" data-elementor-id=\"41723\" class=\"elementor elementor-41723\">\n\t\t\t\t<div class=\"elementor-element elementor-element-2ca56765 e-flex e-con-boxed cmsmasters-block-default e-con e-parent\" data-id=\"2ca56765\" data-element_type=\"container\" data-e-type=\"container\">\n\t\t\t\t\t<div class=\"e-con-inner\">\n\t\t\t\t<div class=\"elementor-element elementor-element-5c69f9a4 cmsmasters-block-default cmsmasters-sticky-default elementor-widget elementor-widget-text-editor\" data-id=\"5c69f9a4\" data-element_type=\"widget\" data-e-type=\"widget\" data-widget_type=\"text-editor.default\">\n\t\t\t\t\t\t\t\t\t\n<p data-start=\"147\" data-end=\"684\">Dentiste avec plus de 21 ans d'exp\u00e9rience, d\u00e9di\u00e9e \u00e0 la sant\u00e9 bucco-dentaire, \u00e0 l'esth\u00e9tique et au bien-\u00eatre des patients. Sp\u00e9cialiste en orthodontie fixe, orthop\u00e9die fonctionnelle des maxillaires et certifi\u00e9e Invisalign\u00ae depuis 2019, elle allie technologie et attention personnalis\u00e9e pour cr\u00e9er des sourires confiants. Titulaire d'un dipl\u00f4me de troisi\u00e8me cycle en proth\u00e8ses fixes et implantologie, elle exerce \u00e9galement dans le domaine de l'esth\u00e9tique dentaire et du blanchiment. Elle exerce \u00e0 Lisbonne et \u00e0 Almada, parle couramment le fran\u00e7ais et offre des soins d'excellence \u00e0 des patients de diff\u00e9rentes nationalit\u00e9s.<\/p>\n\t\t\t\t\t\t\t\t<\/div>\n\t\t\t\t\t<\/div>\n\t\t\t\t<\/div>\n\t\t\t\t<\/div>","protected":false},"excerpt":{"rendered":"<p>Le Dr Rodolfo Rom\u00e3o est un dentiste sp\u00e9cialis\u00e9 en chirurgie buccale et implantologie, avec une formation avanc\u00e9e en r\u00e9habilitation buccale et dentisterie op\u00e9ratoire \u00e0 l'Universit\u00e9 de Lisbonne et au Centre europ\u00e9en d'implantologie. Fort d'une exp\u00e9rience nationale et internationale, notamment \u00e0 la MALO CLINIC Beijing, il se consacre aux traitements complexes d'implants dentaires et \u00e0 la r\u00e9habilitation esth\u00e9tique et fonctionnelle.<\/p>","protected":false},"featured_media":41726,"menu_order":0,"comment_status":"open","ping_status":"closed","template":"","meta":{"_acf_changed":false,"footnotes":""},"cmsms_doctor_services":[62,44],"class_list":["post-41723","cmsms_doctor","type-cmsms_doctor","status-publish","has-post-thumbnail","hentry","cmsms_doctor_services-cirurgiao-oral","cmsms_doctor_services-implantologista"],"acf":[],"_links":{"self":[{"href":"https:\/\/getsmile.pt\/fr\/wp-json\/wp\/v2\/cmsms_doctor\/41723","targetHints":{"allow":["GET"]}}],"collection":[{"href":"https:\/\/getsmile.pt\/fr\/wp-json\/wp\/v2\/cmsms_doctor"}],"about":[{"href":"https:\/\/getsmile.pt\/fr\/wp-json\/wp\/v2\/types\/cmsms_doctor"}],"replies":[{"embeddable":true,"href":"https:\/\/getsmile.pt\/fr\/wp-json\/wp\/v2\/comments?post=41723"}],"version-history":[{"count":2,"href":"https:\/\/getsmile.pt\/fr\/wp-json\/wp\/v2\/cmsms_doctor\/41723\/revisions"}],"predecessor-version":[{"id":44859,"href":"https:\/\/getsmile.pt\/fr\/wp-json\/wp\/v2\/cmsms_doctor\/41723\/revisions\/44859"}],"wp:featuredmedia":[{"embeddable":true,"href":"https:\/\/getsmile.pt\/fr\/wp-json\/wp\/v2\/media\/41726"}],"wp:attachment":[{"href":"https:\/\/getsmile.pt\/fr\/wp-json\/wp\/v2\/media?parent=41723"}],"wp:term":[{"taxonomy":"cmsms_doctor_services","embeddable":true,"href":"https:\/\/getsmile.pt\/fr\/wp-json\/wp\/v2\/cmsms_doctor_services?post=41723"}],"curies":[{"name":"wp","href":"https:\/\/api.w.org\/{rel}","templated":true}]}}

Dr Rodolfo Romão

<div data-elementor-type="wp-post" data-elementor-id="41723" class="elementor elementor-41723">
				<div class="elementor-element elementor-element-2ca56765 e-flex e-con-boxed cmsmasters-block-default e-con e-parent" data-id="2ca56765" data-element_type="container" data-e-type="container">
					<div class="e-con-inner">
				<div class="elementor-element elementor-element-5c69f9a4 cmsmasters-block-default cmsmasters-sticky-default elementor-widget elementor-widget-text-editor" data-id="5c69f9a4" data-element_type="widget" data-e-type="widget" data-widget_type="text-editor.default">
									
<p data-start="147" data-end="684">Dentiste avec plus de 21 ans d'expérience, dédiée à la santé bucco-dentaire, à l'esthétique et au bien-être des patients. Spécialiste en orthodontie fixe, orthopédie fonctionnelle des maxillaires et certifiée Invisalign® depuis 2019, elle allie technologie et attention personnalisée pour créer des sourires confiants. Titulaire d'un diplôme de troisième cycle en prothèses fixes et implantologie, elle exerce également dans le domaine de l'esthétique dentaire et du blanchiment. Elle exerce à Lisbonne et à Almada, parle couramment le français et offre des soins d'excellence à des patients de différentes nationalités.</p>
								</div>
					</div>
				</div>
				</div>

<p>Le Dr Rodolfo Romão est un dentiste spécialisé en chirurgie buccale et implantologie, avec une formation avancée en réhabilitation buccale et dentisterie opératoire à l'Université de Lisbonne et au Centre européen d'implantologie. Fort d'une expérience nationale et internationale, notamment à la MALO CLINIC Beijing, il se consacre aux traitements complexes d'implants dentaires et à la réhabilitation esthétique et fonctionnelle.</p>
